{"id":6,"date":"2025-08-28T03:23:58","date_gmt":"2025-08-28T03:23:58","guid":{"rendered":"https:\/\/doradobreast.com\/2025Agost28M10\/?page_id=6"},"modified":"2025-09-01T03:57:42","modified_gmt":"2025-09-01T03:57:42","slug":"advanced-breast-radiology","status":"publish","type":"page","link":"https:\/\/doradobreast.com\/2025Agost28M10\/","title":{"rendered":"Dorado P.R."},"content":{"rendered":"\n<figure class=\"wp-block-image alignfull size-full\"><img loading=\"lazy\" decoding=\"async\" width=\"300\" height=\"68\" src=\"https:\/\/doradobreast.com\/2025Agost28M10\/wp-content\/uploads\/2025\/08\/Dorado-Breast-Radiology-300x68-linea2.png\" alt=\"\" class=\"wp-image-79\" srcset=\"https:\/\/doradobreast.com\/2025Agost28M10\/wp-content\/uploads\/2025\/08\/Dorado-Breast-Radiology-300x68-linea2.png 300w, https:\/\/doradobreast.com\/2025Agost28M10\/wp-content\/uploads\/2025\/08\/Dorado-Breast-Radiology-300x68-linea2-150x34.png 150w\" sizes=\"auto, (max-width: 300px) 100vw, 300px\" \/><\/figure>\n\n\n\n<div class=\"wp-block-group alignfull is-style-section-5 has-vivid-purple-color has-text-color has-link-color wp-elements-1666654ec9c6a5c1db96a50a27b038c3\" style=\"margin-top:0;margin-bottom:0;padding-top:var(--wp--preset--spacing--50);padding-bottom:var(--wp--preset--spacing--50)\"><div class=\"wp-block-group__inner-container is-layout-constrained wp-block-group-is-layout-constrained\">\n<div class=\"wp-block-columns alignwide is-layout-flex wp-container-core-columns-is-layout-a2d7b65f wp-block-columns-is-layout-flex\">\n<div class=\"wp-block-column is-vertically-aligned-center is-layout-flow wp-block-column-is-layout-flow\" style=\"flex-basis:50%\">\n<h2 class=\"wp-block-heading has-vivid-purple-color has-text-color has-link-color wp-elements-4409593c60e29c842aea11caafe6c699\">Facilidades en Dorado Puerto Rico<\/h2>\n\n\n\n<p class=\"has-medium-font-size\"><\/p>\n\n\n\n<p class=\"has-vivid-cyan-blue-color has-text-color has-link-color wp-elements-b68045cf9d279a860a57abe89a46e775\"><strong>Mamograf\u00eda digital &amp; Tomosintesis<\/strong><\/p>\n\n\n\n<p class=\"has-vivid-cyan-blue-color has-text-color has-link-color wp-elements-0c72344f943403fab5245e33031caca1\"><strong>Sonografia&nbsp; General &amp; Vascular<\/strong><\/p>\n\n\n\n<p class=\"has-vivid-cyan-blue-color has-text-color has-link-color wp-elements-fe1e5a2707d59c78db9fdf369c1d1ff5\"><strong>Sonografia&nbsp; MSK<\/strong><\/p>\n\n\n\n<p class=\"has-vivid-cyan-blue-color has-text-color has-link-color wp-elements-59829bfa6ed0bef340c533f24914373e\"><strong>Biopsias de senos por&nbsp;ultrasonido<\/strong><\/p>\n\n\n\n<p class=\"has-vivid-cyan-blue-color has-text-color has-link-color wp-elements-80dbcc89102e21f2aeee54a8c40fda5a\"><strong>Biopsias de tiroides ( FNA)<\/strong><\/p>\n\n\n\n<p class=\"has-vivid-cyan-blue-color has-text-color has-link-color wp-elements-5e498db0737622a9f979ce6179de2ff2\"><strong>Rayos X (digital-DR)<\/strong><\/p>\n\n\n\n<p class=\"has-vivid-cyan-blue-color has-text-color has-link-color wp-elements-05632029db11419b895fe2527d27a9af\"><\/p>\n\n\n\n<p class=\"has-vivid-cyan-blue-color has-text-color has-link-color wp-elements-e92c4bc65e1739dff33bce424b61ceae\"><strong>Resonancia Magn\u00e9tica (Pronto)<\/strong><\/p>\n\n\n\n<p class=\"has-vivid-cyan-blue-color has-text-color has-link-color wp-elements-05632029db11419b895fe2527d27a9af\"><\/p>\n\n\n\n<p class=\"has-vivid-cyan-blue-color has-text-color has-link-color wp-elements-eb3b889f8198a3c82043ecf9f3dff239\">T<strong>elemamograf\u00eda\/ Tele-radiolog\u00eda<\/strong><\/p>\n\n\n\n<p class=\"has-vivid-cyan-blue-color has-text-color has-link-color wp-elements-4ade4258e265de845cb9c7915bdcc244\"><strong>CT scan<\/strong><\/p>\n\n\n\n<p class=\"has-vivid-cyan-blue-color has-text-color has-link-color wp-elements-0d1ca60dbe345ff1f74b9ea4e8dc17c6\"><strong>Dexa por scan (QCT)<\/strong><\/p>\n\n\n\n<p class=\"has-vivid-cyan-blue-color has-text-color has-link-color wp-elements-5e92cafef585ba82b06368d54d7b72ad\"><strong>Coronary Calcium Score<\/strong><\/p>\n\n\n\n<p class=\"has-vivid-cyan-blue-color has-text-color has-link-color wp-elements-618ca7fe29118ef464e6a3140000aaf7\"><strong>Lung Cancer Screening LDHF<\/strong><\/p>\n\n\n\n<p class=\"has-vivid-cyan-blue-color has-text-color has-link-color wp-elements-a997eb21b638edf2d26b67d786e7e2a2\"><strong>PRP (Plasma Rico en Plaquetas)<\/strong><\/p>\n\n\n\n<p class=\"has-vivid-cyan-blue-color has-text-color has-link-color wp-elements-7f67a24170d1c32d1f960c642a79ac6c\"><strong>Tomograf\u00eda Computadorizada (CT Scan)<\/strong><\/p>\n\n\n\n<p class=\"has-medium-font-size\"><a href=\"https:\/\/dorarx.dorarad.net\/tbwvrsdr526vtiui\/quienes-somos\/\">Quienes Somos<\/a> Estamos durante dos d\u00e9cadas dando servicio radiol\u00f3gico, con la mejor calidad de imagen excelencia a nuestros pacientes<\/p>\n\n\n\n<p>Sub Menu<\/p>\n\n\n\n<p><a href=\"https:\/\/dorarx.dorarad.net\/tbwvrsdr526vtiui\/servicios-services\/\">Servicios-Services<\/a><\/p>\n\n\n\n<p><a href=\"https:\/\/dorarx.dorarad.net\/tbwvrsdr526vtiui\/aa\/\">Visi\u00f3n y Misi\u00f3n<\/a><\/p>\n<\/div>\n\n\n\n<div class=\"wp-block-column is-vertically-aligned-center is-layout-flow wp-block-column-is-layout-flow\" style=\"flex-basis:50%\">\n<figure class=\"wp-block-gallery has-nested-images columns-default is-cropped wp-block-gallery-1 is-layout-flex wp-block-gallery-is-layout-flex\">\n<figure class=\"wp-block-image size-full\"><img loading=\"lazy\" decoding=\"async\" width=\"600\" height=\"452\" data-id=\"22\" src=\"https:\/\/doradobreast.com\/2025Agost28M10\/wp-content\/uploads\/2025\/08\/p11img-600x452-ct-imagen8.jpg\" alt=\"\" class=\"wp-image-22\" srcset=\"https:\/\/doradobreast.com\/2025Agost28M10\/wp-content\/uploads\/2025\/08\/p11img-600x452-ct-imagen8.jpg 600w, https:\/\/doradobreast.com\/2025Agost28M10\/wp-content\/uploads\/2025\/08\/p11img-600x452-ct-imagen8-300x226.jpg 300w\" sizes=\"auto, (max-width: 600px) 100vw, 600px\" \/><\/figure>\n<\/figure>\n<\/div>\n<\/div>\n<\/div><\/div>\n\n\n\n<div class=\"wp-block-group alignfull\" style=\"margin-top:0;margin-bottom:0\"><div class=\"wp-block-group__inner-container is-layout-constrained wp-block-group-is-layout-constrained\">\n<div class=\"wp-block-group alignwide is-layout-grid wp-container-core-group-is-layout-6dbf1d5c wp-block-group-is-layout-grid\" style=\"padding-top:var(--wp--preset--spacing--50);padding-bottom:var(--wp--preset--spacing--50)\">\n<div class=\"wp-block-group is-vertical is-content-justification-stretch is-nowrap is-layout-flex wp-container-core-group-is-layout-0fd27360 wp-block-group-is-layout-flex\">\n<div class=\"wp-block-group is-vertical is-content-justification-left is-layout-flex wp-container-core-group-is-layout-c0ca7d81 wp-block-group-is-layout-flex\">\n<h2 class=\"wp-block-heading is-style-text-annotation has-vivid-purple-color has-text-color has-link-color wp-elements-9ed5d9a03a78797907e1d86faf8d60c7\"> Ofrecemos una amplia gama de Estudios y Servicios de calidad<\/h2>\n\n\n\n<p class=\"is-style-text-subtitle\"><\/p>\n<\/div>\n\n\n\n<figure class=\"wp-block-gallery has-nested-images columns-default is-cropped wp-block-gallery-2 is-layout-flex wp-block-gallery-is-layout-flex\">\n<figure class=\"wp-block-image size-full\"><img loading=\"lazy\" decoding=\"async\" width=\"500\" height=\"500\" data-id=\"55\" src=\"https:\/\/doradobreast.com\/2025Agost28M10\/wp-content\/uploads\/2025\/08\/500_F_376547780_OQk5r6gNwRbETHj2ZbQ92GUte7jssKh7.jpg\" alt=\"\" class=\"wp-image-55\" srcset=\"https:\/\/doradobreast.com\/2025Agost28M10\/wp-content\/uploads\/2025\/08\/500_F_376547780_OQk5r6gNwRbETHj2ZbQ92GUte7jssKh7.jpg 500w, https:\/\/doradobreast.com\/2025Agost28M10\/wp-content\/uploads\/2025\/08\/500_F_376547780_OQk5r6gNwRbETHj2ZbQ92GUte7jssKh7-300x300.jpg 300w, https:\/\/doradobreast.com\/2025Agost28M10\/wp-content\/uploads\/2025\/08\/500_F_376547780_OQk5r6gNwRbETHj2ZbQ92GUte7jssKh7-150x150.jpg 150w\" sizes=\"auto, (max-width: 500px) 100vw, 500px\" \/><\/figure>\n<\/figure>\n<\/div>\n\n\n\n<figure class=\"wp-block-image size-full\"><img loading=\"lazy\" decoding=\"async\" width=\"1079\" height=\"1385\" src=\"https:\/\/doradobreast.com\/2025Agost28M10\/wp-content\/uploads\/2025\/08\/1000079809-google-direccion.jpg\" alt=\"\" class=\"wp-image-81\" style=\"aspect-ratio:3\/4;object-fit:cover\" srcset=\"https:\/\/doradobreast.com\/2025Agost28M10\/wp-content\/uploads\/2025\/08\/1000079809-google-direccion.jpg 1079w, https:\/\/doradobreast.com\/2025Agost28M10\/wp-content\/uploads\/2025\/08\/1000079809-google-direccion-234x300.jpg 234w, https:\/\/doradobreast.com\/2025Agost28M10\/wp-content\/uploads\/2025\/08\/1000079809-google-direccion-798x1024.jpg 798w, https:\/\/doradobreast.com\/2025Agost28M10\/wp-content\/uploads\/2025\/08\/1000079809-google-direccion-768x986.jpg 768w, https:\/\/doradobreast.com\/2025Agost28M10\/wp-content\/uploads\/2025\/08\/1000079809-google-direccion-117x150.jpg 117w\" sizes=\"auto, (max-width: 1079px) 100vw, 1079px\" \/><\/figure>\n<\/div>\n<\/div><\/div>\n\n\n\n<div class=\"wp-block-group alignfull has-vivid-purple-color has-text-color has-link-color wp-elements-c1b837179462518aa8a8969b3ad5bde9\" style=\"margin-top:0;margin-bottom:0\"><div class=\"wp-block-group__inner-container is-layout-constrained wp-block-group-is-layout-constrained\">\n<div class=\"wp-block-group alignwide\" style=\"padding-top:var(--wp--preset--spacing--50);padding-bottom:var(--wp--preset--spacing--50)\"><div class=\"wp-block-group__inner-container is-layout-flow wp-block-group-is-layout-flow\">\n<h2 class=\"wp-block-heading has-vivid-cyan-blue-color has-text-color has-link-color has-x-large-font-size wp-elements-d71605f9b8f6319a34e713a89beeabd4\">Contactanos: cita@dorarad.net<\/h2>\n\n\n\n<div class=\"wp-block-columns is-layout-flex wp-container-core-columns-is-layout-3da6863c wp-block-columns-is-layout-flex\">\n<div class=\"wp-block-column is-layout-flow wp-block-column-is-layout-flow\">\n<div class=\"wp-block-group\" style=\"border-top-color:var(--wp--preset--color--accent-6);border-top-width:1px;padding-top:var(--wp--preset--spacing--30);padding-bottom:var(--wp--preset--spacing--30)\"><div class=\"wp-block-group__inner-container is-layout-flow wp-block-group-is-layout-flow\">\n<h3 class=\"wp-block-heading\">\u00bfPregunte si tiene una duda en el procedimento?<\/h3>\n\n\n\n<p>Todo nuestro personal t\u00e9cnico le ofrecer\u00e1 la mejor atenci\u00f3n m\u00e9dica. <\/p>\n<\/div><\/div>\n<\/div>\n\n\n\n<div class=\"wp-block-column is-layout-flow wp-block-column-is-layout-flow\">\n<div class=\"wp-block-group\" style=\"border-top-color:var(--wp--preset--color--accent-6);border-top-width:1px;padding-top:var(--wp--preset--spacing--30);padding-bottom:var(--wp--preset--spacing--30)\"><div class=\"wp-block-group__inner-container is-layout-flow wp-block-group-is-layout-flow\">\n<h3 class=\"wp-block-heading\">Horario de Servicio<\/h3>\n\n\n\n<p>Lunes a Viernes: 8.00pm a 5.00pm<\/p>\n\n\n\n<p>Sabado: 8.00am a 1.00pm<\/p>\n\n\n\n<p>Puede consultar para una cita llamando a nuestro centro radiol\u00f3gico.<\/p>\n\n\n\n<p>Telefonos: 787-961-2040 o 787-961-2041<\/p>\n\n\n\n<p><\/p>\n<\/div><\/div>\n<\/div>\n<\/div>\n\n\n\n<div class=\"wp-block-columns is-layout-flex wp-container-core-columns-is-layout-3da6863c wp-block-columns-is-layout-flex\">\n<div class=\"wp-block-column is-layout-flow wp-block-column-is-layout-flow\">\n<div class=\"wp-block-group\" style=\"border-top-color:var(--wp--preset--color--accent-6);border-top-width:1px;padding-top:var(--wp--preset--spacing--30);padding-bottom:var(--wp--preset--spacing--30)\"><div class=\"wp-block-group__inner-container is-layout-flow wp-block-group-is-layout-flow\">\n<h3 class=\"wp-block-heading\">Contac Us<\/h3>\n\n\n\n<p>Dorado Breast &amp; Radiology Center<\/p>\n\n\n\n<p>Paseo del Plata <\/p>\n\n\n\n<p>602 Ave. Efron Suite 103<\/p>\n\n\n\n<p>Dorado. Puerto Rico  00646<\/p>\n<\/div><\/div>\n<\/div>\n\n\n\n<div class=\"wp-block-column is-layout-flow wp-block-column-is-layout-flow\">\n<div class=\"wp-block-group\" style=\"border-top-color:var(--wp--preset--color--accent-6);border-top-width:1px;padding-top:var(--wp--preset--spacing--30);padding-bottom:var(--wp--preset--spacing--30)\"><div class=\"wp-block-group__inner-container is-layout-flow wp-block-group-is-layout-flow\">\n<p>Tenemos Estudios Radiol\u00f3gico Personalizado de acuerdo a las necesidades del paciente.<\/p>\n<\/div><\/div>\n<\/div>\n<\/div>\n<\/div><\/div>\n<\/div><\/div>\n\n\n\n<div class=\"wp-block-group alignfull\" style=\"margin-top:0;margin-bottom:0;padding-top:var(--wp--preset--spacing--80);padding-bottom:var(--wp--preset--spacing--80)\"><div class=\"wp-block-group__inner-container is-layout-constrained wp-block-group-is-layout-constrained\">\n<div class=\"wp-block-group alignwide\"><div class=\"wp-block-group__inner-container is-layout-flow wp-block-group-is-layout-flow\">\n<p class=\"has-text-align-center is-style-text-display\" style=\"font-style:normal;font-weight:400\">\u00bfTienes preguntas? <br><a href=\"#\" rel=\"nofollow\">No dudes en ponerte en contacto con nosotros.<\/a><\/p>\n\n\n\n<div style=\"height:var(--wp--preset--spacing--40)\" aria-hidden=\"true\" class=\"wp-block-spacer\"><\/div>\n\n\n\n<ul class=\"wp-block-social-links has-icon-color is-style-logos-only is-content-justification-center is-layout-flex wp-container-core-social-links-is-layout-16018d1d wp-block-social-links-is-layout-flex\"><li class=\"wp-social-link wp-social-link-twitter has-contrast-color wp-block-social-link\"><a href=\"#\" class=\"wp-block-social-link-anchor\"><svg width=\"24\" height=\"24\" viewBox=\"0 0 24 24\" version=\"1.1\" xmlns=\"http:\/\/www.w3.org\/2000\/svg\" aria-hidden=\"true\" focusable=\"false\"><path d=\"M22.23,5.924c-0.736,0.326-1.527,0.547-2.357,0.646c0.847-0.508,1.498-1.312,1.804-2.27 c-0.793,0.47-1.671,0.812-2.606,0.996C18.324,4.498,17.257,4,16.077,4c-2.266,0-4.103,1.837-4.103,4.103 c0,0.322,0.036,0.635,0.106,0.935C8.67,8.867,5.647,7.234,3.623,4.751C3.27,5.357,3.067,6.062,3.067,6.814 c0,1.424,0.724,2.679,1.825,3.415c-0.673-0.021-1.305-0.206-1.859-0.513c0,0.017,0,0.034,0,0.052c0,1.988,1.414,3.647,3.292,4.023 c-0.344,0.094-0.707,0.144-1.081,0.144c-0.264,0-0.521-0.026-0.772-0.074c0.522,1.63,2.038,2.816,3.833,2.85 c-1.404,1.1-3.174,1.756-5.096,1.756c-0.331,0-0.658-0.019-0.979-0.057c1.816,1.164,3.973,1.843,6.29,1.843 c7.547,0,11.675-6.252,11.675-11.675c0-0.178-0.004-0.355-0.012-0.531C20.985,7.47,21.68,6.747,22.23,5.924z\"><\/path><\/svg><span class=\"wp-block-social-link-label screen-reader-text\">Twitter<\/span><\/a><\/li>\n\n<li class=\"wp-social-link wp-social-link-facebook has-contrast-color wp-block-social-link\"><a href=\"https:\/\/www.facebook.com\/share\/19etGYwcmT\/\" class=\"wp-block-social-link-anchor\"><svg width=\"24\" height=\"24\" viewBox=\"0 0 24 24\" version=\"1.1\" xmlns=\"http:\/\/www.w3.org\/2000\/svg\" aria-hidden=\"true\" focusable=\"false\"><path d=\"M12 2C6.5 2 2 6.5 2 12c0 5 3.7 9.1 8.4 9.9v-7H7.9V12h2.5V9.8c0-2.5 1.5-3.9 3.8-3.9 1.1 0 2.2.2 2.2.2v2.5h-1.3c-1.2 0-1.6.8-1.6 1.6V12h2.8l-.4 2.9h-2.3v7C18.3 21.1 22 17 22 12c0-5.5-4.5-10-10-10z\"><\/path><\/svg><span class=\"wp-block-social-link-label screen-reader-text\">https:\/\/www.facebook.com\/share\/19etGYwcmT\/<\/span><\/a><\/li>\n\n<li class=\"wp-social-link wp-social-link-instagram has-contrast-color wp-block-social-link\"><a href=\"#\" class=\"wp-block-social-link-anchor\"><svg width=\"24\" height=\"24\" viewBox=\"0 0 24 24\" version=\"1.1\" xmlns=\"http:\/\/www.w3.org\/2000\/svg\" aria-hidden=\"true\" focusable=\"false\"><path d=\"M12,4.622c2.403,0,2.688,0.009,3.637,0.052c0.877,0.04,1.354,0.187,1.671,0.31c0.42,0.163,0.72,0.358,1.035,0.673 c0.315,0.315,0.51,0.615,0.673,1.035c0.123,0.317,0.27,0.794,0.31,1.671c0.043,0.949,0.052,1.234,0.052,3.637 s-0.009,2.688-0.052,3.637c-0.04,0.877-0.187,1.354-0.31,1.671c-0.163,0.42-0.358,0.72-0.673,1.035 c-0.315,0.315-0.615,0.51-1.035,0.673c-0.317,0.123-0.794,0.27-1.671,0.31c-0.949,0.043-1.233,0.052-3.637,0.052 s-2.688-0.009-3.637-0.052c-0.877-0.04-1.354-0.187-1.671-0.31c-0.42-0.163-0.72-0.358-1.035-0.673 c-0.315-0.315-0.51-0.615-0.673-1.035c-0.123-0.317-0.27-0.794-0.31-1.671C4.631,14.688,4.622,14.403,4.622,12 s0.009-2.688,0.052-3.637c0.04-0.877,0.187-1.354,0.31-1.671c0.163-0.42,0.358-0.72,0.673-1.035 c0.315-0.315,0.615-0.51,1.035-0.673c0.317-0.123,0.794-0.27,1.671-0.31C9.312,4.631,9.597,4.622,12,4.622 M12,3 C9.556,3,9.249,3.01,8.289,3.054C7.331,3.098,6.677,3.25,6.105,3.472C5.513,3.702,5.011,4.01,4.511,4.511 c-0.5,0.5-0.808,1.002-1.038,1.594C3.25,6.677,3.098,7.331,3.054,8.289C3.01,9.249,3,9.556,3,12c0,2.444,0.01,2.751,0.054,3.711 c0.044,0.958,0.196,1.612,0.418,2.185c0.23,0.592,0.538,1.094,1.038,1.594c0.5,0.5,1.002,0.808,1.594,1.038 c0.572,0.222,1.227,0.375,2.185,0.418C9.249,20.99,9.556,21,12,21s2.751-0.01,3.711-0.054c0.958-0.044,1.612-0.196,2.185-0.418 c0.592-0.23,1.094-0.538,1.594-1.038c0.5-0.5,0.808-1.002,1.038-1.594c0.222-0.572,0.375-1.227,0.418-2.185 C20.99,14.751,21,14.444,21,12s-0.01-2.751-0.054-3.711c-0.044-0.958-0.196-1.612-0.418-2.185c-0.23-0.592-0.538-1.094-1.038-1.594 c-0.5-0.5-1.002-0.808-1.594-1.038c-0.572-0.222-1.227-0.375-2.185-0.418C14.751,3.01,14.444,3,12,3L12,3z M12,7.378 c-2.552,0-4.622,2.069-4.622,4.622S9.448,16.622,12,16.622s4.622-2.069,4.622-4.622S14.552,7.378,12,7.378z M12,15 c-1.657,0-3-1.343-3-3s1.343-3,3-3s3,1.343,3,3S13.657,15,12,15z M16.804,6.116c-0.596,0-1.08,0.484-1.08,1.08 s0.484,1.08,1.08,1.08c0.596,0,1.08-0.484,1.08-1.08S17.401,6.116,16.804,6.116z\"><\/path><\/svg><span class=\"wp-block-social-link-label screen-reader-text\">Instagram<\/span><\/a><\/li>\n\n<li class=\"wp-social-link wp-social-link-pinterest has-contrast-color wp-block-social-link\"><a href=\"#\" class=\"wp-block-social-link-anchor\"><svg width=\"24\" height=\"24\" viewBox=\"0 0 24 24\" version=\"1.1\" xmlns=\"http:\/\/www.w3.org\/2000\/svg\" aria-hidden=\"true\" focusable=\"false\"><path d=\"M12.289,2C6.617,2,3.606,5.648,3.606,9.622c0,1.846,1.025,4.146,2.666,4.878c0.25,0.111,0.381,0.063,0.439-0.169 c0.044-0.175,0.267-1.029,0.365-1.428c0.032-0.128,0.017-0.237-0.091-0.362C6.445,11.911,6.01,10.75,6.01,9.668 c0-2.777,2.194-5.464,5.933-5.464c3.23,0,5.49,2.108,5.49,5.122c0,3.407-1.794,5.768-4.13,5.768c-1.291,0-2.257-1.021-1.948-2.277 c0.372-1.495,1.089-3.112,1.089-4.191c0-0.967-0.542-1.775-1.663-1.775c-1.319,0-2.379,1.309-2.379,3.059 c0,1.115,0.394,1.869,0.394,1.869s-1.302,5.279-1.54,6.261c-0.405,1.666,0.053,4.368,0.094,4.604 c0.021,0.126,0.167,0.169,0.25,0.063c0.129-0.165,1.699-2.419,2.142-4.051c0.158-0.59,0.817-2.995,0.817-2.995 c0.43,0.784,1.681,1.446,3.013,1.446c3.963,0,6.822-3.494,6.822-7.833C20.394,5.112,16.849,2,12.289,2\"><\/path><\/svg><span class=\"wp-block-social-link-label screen-reader-text\">Pinterest<\/span><\/a><\/li><\/ul>\n<\/div><\/div>\n<\/div><\/div>\n","protected":false},"excerpt":{"rendered":"<p>Facilidades en Dorado Puerto Rico Mamograf\u00eda digital &amp; Tomosintesis Sonografia&nbsp; General &amp; Vascular Sonografia&nbsp; MSK Biopsias de senos por&nbsp;ultrasonido Biopsias de tiroides ( FNA) Rayos X (digital-DR) Resonancia Magn\u00e9tica (Pronto) Telemamograf\u00eda\/ Tele-radiolog\u00eda CT scan Dexa por scan (QCT) Coronary Calcium Score Lung Cancer Screening LDHF PRP (Plasma Rico en Plaquetas) &#8230;<\/p>\n<p class=\"continue-reading-button\"> <a class=\"continue-reading-link\" href=\"https:\/\/doradobreast.com\/2025Agost28M10\/\">Continue reading<i class=\"crycon-right-dir\"><\/i><\/a><\/p>\n","protected":false},"author":1,"featured_media":0,"parent":0,"menu_order":0,"comment_status":"closed","ping_status":"closed","template":"","meta":{"footnotes":""},"class_list":["post-6","page","type-page","status-publish","hentry"],"aioseo_notices":[],"_links":{"self":[{"href":"https:\/\/doradobreast.com\/2025Agost28M10\/wp-json\/wp\/v2\/pages\/6","targetHints":{"allow":["GET"]}}],"collection":[{"href":"https:\/\/doradobreast.com\/2025Agost28M10\/wp-json\/wp\/v2\/pages"}],"about":[{"href":"https:\/\/doradobreast.com\/2025Agost28M10\/wp-json\/wp\/v2\/types\/page"}],"author":[{"embeddable":true,"href":"https:\/\/doradobreast.com\/2025Agost28M10\/wp-json\/wp\/v2\/users\/1"}],"replies":[{"embeddable":true,"href":"https:\/\/doradobreast.com\/2025Agost28M10\/wp-json\/wp\/v2\/comments?post=6"}],"version-history":[{"count":43,"href":"https:\/\/doradobreast.com\/2025Agost28M10\/wp-json\/wp\/v2\/pages\/6\/revisions"}],"predecessor-version":[{"id":129,"href":"https:\/\/doradobreast.com\/2025Agost28M10\/wp-json\/wp\/v2\/pages\/6\/revisions\/129"}],"wp:attachment":[{"href":"https:\/\/doradobreast.com\/2025Agost28M10\/wp-json\/wp\/v2\/media?parent=6"}],"curies":[{"name":"wp","href":"https:\/\/api.w.org\/{rel}","templated":true}]}}